to base 10
1
Convert 0 (base 7) to base 11.
0
What is -2 (base 5) in base 16?
-2
What is -10 (base 6) in base 14?
-6
Convert -201 (base 6) to base 12.
-61
21 (base 9) to base 8
23
105 (base 6) to base 12
35
Convert 20 (base 3) to base 13.
6
Convert 2 (base 10) to base 11.
2
Convert 4 (base 11) to base 7.
4
-3 (base 12) to base 2
-11
What is -61 (base 16) in base 7?
-166
Convert -81 (base 12) to base 7.
-166
15 (base 12) to base 13
14
What is 0 (base 15) in base 7?
0
What is b0 (base 15) in base 10?
165
What is -1 (base 7) in base 12?
-1
Convert 14 (base 11) to base 9.
16
What is -1 (base 13) in base 10?
-1
Convert 10013 (base 4) to base 8.
407
11 (base 16) to base 12
15
Convert 0 (base 4) to base 10.
0
What is 109 (base 14) in base 10?
205
What is 11110 (base 2) in base 3?
1010
2 (base 7) to base 16
2
Convert 1 (base 5) to base 7.
1
Convert 12 (base 4) to base 13.
6
11 (base 9) to base 14
a
What is 0 (base 6) in base 3?
0
What is -314 (base 6) in base 13?
-91
What is -434 (base 6) in base 15?
-b1
-e (base 16) to base 9
-15
What is 51 (base 6) in base 16?
1f
What is 1221 (base 3) in base 8?
64
What is -3 (base 4) in base 7?
-3
Convert -15 (base 10) to base 6.
-23
What is 22 (base 6) in base 4?
32
What is -11 (base 15) in base 4?
-100
Convert 0 (base 10) to base 3.
0
-17 (base 13) to base 14
-16
Convert 1002 (base 3) to base 5.
104
8 (base 15) to base 8
10
What is -101 (base 12) in base 11?
-122
Convert -10 (base 3) to base 9.
-3
What is -110 (base 2) in base 7?
-6
What is -13 (base 7) in base 16?
-a
What is -10 (base 2) in base 7?
-2
Convert -11 (base 2) to base 8.
-3
-67 (base 10) to base 11
-61
What is -10 (base 5) in base 11?
-5
Convert 3 (base 5) to base 4.
3
-10 (base 6) to base 5
-11
0 (base 2) to base 4
0
What is 36 (base 10) in base 3?
1100
What is 130 (base 10) in base 15?
8a
Convert 1200 (base 6) to base 11.
242
4 (base 13) to base 12
4
-205 (base 7) to base 2
-1100111
14 (base 12) to base 9
17
3 (base 6) to base 16
3
What is 1a (base 11) in base 13?
18
Convert -c (base 14) to base 16.
-c
Convert 9 (base 15) to base 4.
21
What is -2210 (base 4) in base 11?
-13a
What is 1001 (base 2) in base 8?
11
0 (base 16) to base 10
0
What is 5 (base 9) in base 16?
5
Convert 58 (base 11) to base 14.
47
What is 205 (base 9) in base 3?
20012
240 (base 5) to base 13
55
What is -111 (base 3) in base 5?
-23
15 (base 13) to base 6
30
Convert 54 (base 14) to base 16.
4a
-4 (base 16) to base 13
-4
What is c1 (base 14) in base 15?
b4
Convert 6 (base 10) to base 8.
6
What is 1 (base 9) in base 7?
1
What is -6 (base 9) in base 7?
-6
Convert 3 (base 9) to base 7.
3
Convert 8 (base 11) to base 2.
1000
Convert 2 (base 10) to base 9.
2
-3 (base 8) to base 7
-3
c (base 15) to base 14
c
Convert 20 (base 5) to base 11.
a
Convert -2a (base 13) to base 2.
-100100
Convert 0 (base 12) to base 16.
0
What is 24 (base 8) in base 7?
26
What is -28 (base 16) in base 12?
-34
What is -11 (base 4) in base 10?
-5
Convert 531 (base 6) to base 15.
d4
Convert 3 (base 7) to base 5.
3
1 (base 14) to base 11
1
Convert 118 (base 10) to base 12.
9a
Convert 32 (base 5) to base 9.
18
What is -9 (base 15) in base 3?
-100
Convert -2010 (base 3) to base 7.
-111
Convert -1 (base 8) to base 15.
-1
Convert 11 (base 4) to base 10.
5
Convert -10 (base 9) to base 6.
-13
-40 (base 10) to base 3
-1111
What is -1 (base 8) in base 16?
-1
72 (base 9) to base 7
122
What is -b (base 14) in base 16?
-b
24 (base 7) to base 14
14
What is -144 (base 11) in base 15?
-b4
3 (base 11) to base 9
3
Convert -22 (base 13) to base 7.
-40
What is 60 (base 9) in base 13?
42
Convert 4f (base 16) to base 10.
79
What is 90 (base 15) in base 4?
2013
2 (base 7) to base 5
2
What is -1a (base 12) in base 4?
-112
Convert 61 (base 13) to base 6.
211
-112 (base 7) to base 12
-4a
What is 2 (base 12) in base 5?
2
What is 5 (base 16) in base 7?
5
-324 (base 9) to base 7
-526
-5a (base 14) to base 11
-73
47 (base 8) to base 13
30
49 (base 12) to base 5
212
78 (base 11) to base 13
67
18c (base 13) to base 15
140
Convert 35 (base 8) to base 12.
25
Convert -2 (base 4) to base 14.
-2
Convert -1 (base 3) to base 15.
-1
Convert -120 (base 5) to base 11.
-32
What is 11 (base 6) in base 10?
7
Convert -3 (base 12) to base 4.
-3
Convert -23 (base 12) to base 14.
-1d
12 (base 8) to base 10
10
What is -11 (base 14) in base 4?
-33
54 (base 8) to base 4
230
Convert -dc (base 16) to base 14.
-11a
Convert 5 (base 8) to base 10.
5
-2 (base 8) to base 9
-2
What is -a (base 13) in base 10?
-10
What is -133 (base 8) in base 12?
-77
What is 53 (base 15) in base 4?
1032
What is -10 (base 4) in base 2?
-100
Convert 6 (base 15) to base 14.
6
Convert 64 (base 7) to base 16.
2e
What is 103 (base 5) in base 13?
22
What is -9 (base 12) in base 15?
-9
-43 (base 5) to base 13
-1a
What is -1 (base 4) in base 10?
-1
Convert 32 (base 5) to base 3.
122
What is -1 (base 8) in base 16?
-1
What is -23 (base 9) in base 16?
-15
Convert -130 (base 4) to base 2.
-11100
What is 24 (base 6) in base 14?
12
What is -1 (base 5) in base 6?
-1
1 (base 6) to base 16
1
22 (base 3) to base 5
13
Convert 8 (base 12) to base 6.
12
Convert 9 (base 12) to base 16.
9
114 (base 6) to base 10
46
What is -b (base 13) in base 14?
-b
45 (base 6) to base 7
41
What is -12 (base 4) in base 8?
-6
100 (base 2) to base 5
4
What is 1001 (base 2) in base 11?
9
10001 (base 2) to base 6
25
-2032 (base 4) to base 8
-216
0 (base 12) to base 6
0
Convert 40 (base 6) to base 15.
19
-10 (base 9) to base 7
-12
-a4 (base 14) to base 4
-2100
What is -2 (base 3) in base 15?
-2
Convert -435 (base 7) to base 2.
-11011110
Convert -420 (base 6) to base 11.
-132
What is 0 (base 4) in base 12?
0
5 (base 14) to base 9
5
1c (base 13) to base 2
11001
23 (base 6) to base 11
14
Convert -33 (base 15) to base 13.
-39
-121 (base 11) to base 12
-100
What is 14 (base 15) in base 13?
16
Convert 12 (base 7) to base 8.
11
-1111111 (base 2) to base 14
-91
Convert -10011 (base 2) to base 16.
-13
What is -10011 (base 2) in base 8?
-23
What is 7 (base 12) in base 4?
13
What is -11 (base 6) in base 7?
-10
Convert -2 (base 5) to base 14.
-2
Convert -1223 (base 4) to base 8.
-153
What is -ed (base 15) in base 13?
-142
12 (base 14) to base 16
10
What is 77 (base 9) in base 7?
130
What is 183 (base 12) in base 10?
243
What is -1a (base 11) in base 7?
-30
-12 (base 13) to base 3
-120
What is 96 (base 11) in base 9?
126
Convert -25 (base 13) to base 6.
-51
10011100 (base 2) to base 10
156
3 (base 10) to base 12
3
What is c (base 14) in base 9?
13
-52 (base 11) to base 3
-2010
Convert -10 (base 5) to base 3.
-12
Convert 440 (base 5) to base 16.
78
Convert -5 (base 11) to base 7.
-5
Convert -3 (base 9) to base 10.
-3
-2331 (base 4) to base 8
-275
Convert 5 (base 6) to base 16.
5
Convert -4 (base 10) to base 16.
-4
-5 (base 14) to base 12
-5
Convert -111 (base 2) to base 14.
-7
What is 4 (base 7) in base 3?
11
0 (base 5) to base 3
0
Convert 37 (base 8) to base 13.
25
-1 (base 10) to base 3
-1
What is -156 (base 12) in base 14?
-110
24 (base 9) to base 2
10110
Convert 0 (base 16) to base 11.
0
61 (base 11) to base 3
2111
333 (base 6) to base 2
10000001
6 (base 11) to base 6
10
What is -2 (base 9) in base 8?
-2
Convert -2 (base 10) to base 8.
-2
Convert 100011011 (base 2) to base 6.
1151
What is -38 (base 11) in base 10?
-41
23 (base 9) to base 3
210
Convert -1203 (base 4) to base 8.
-143
What is -4 (base 7) in base 6?
-4
What is -2210 (base 4) in base 15?
-ae
15 (base 7) to base 11
11
-21 (base 13) to base 11
-25
What is 2 (base 13) in base 12?
2
What is -3 (base 7) in base 2?
-11
-40 (base 8) to base 10
-32
Convert -1001 (base 3) to base 11.
-26
What is 13 (base 6) in base 2?
1001
84 (base 16) to base 15
8c
What is 208 (base 9) in base 5?
1140
Convert -12 (base 10) to base 14.
-c
-56 (base 9) to base 15
-36
Convert -4 (base 12) to base 13.
-4
Convert -11000 (base 2) to base 12.
-20
Convert 105 (base 9) to base 16.
56
What is -2 (base 4) in base 15?
-2
Convert a (base 16) to base 15.
a
What is 2 (base 12) in base 4?
2
What is -6 (base 11) in base 14?
-6
What is -15 (base 11) in base 7?
-22
Convert -43 (base 7) to base 15.
-21
Convert -38 (base 14) to base 8.
-62
81 (base 11) to base 6
225
What is -3 (base 5) in base 11?
-3
58 (base 9) to bas